
-5
Suppose -m - 45 = -6*m. Let r(j) = j - 4. Give r(m).
5
Let q(w) be the third derivative of w**8/6720 - w**7/1260 + w**5/40 + w**4/24 - 5*w**2. Let o(y) be the second derivative of q(y). Determine o(3).
12
Let d be (-1)/3*(-3 - -2). Let o(i) be the second derivative of 0 + i**2 - 2*i + d*i**3. What is o(-4)?
-6
Let j(d) = -d**2 + d + 1. Let b(s) = -s**2 - 5*s - 4. Let l be b(-4). Suppose l = -n + 2*n + 4. Let h = n - -6. What is j(h)?
-1
Let y(x) be the second derivative of 2*x + 5/2*x**2 + 0 - 1/6*x**3. Let c be y(7). Let d(q) = -q - 1. Give d(c).
1
Let g(h) = -h**2 - 11*h - 2. Let v(n) = -n + 10. Let y be v(21). What is g(y)?
-2
Let d(r) = -r**3 + 6*r**2 - 3*r + 3. Suppose -3*z = -0*z - 15. Determine d(z).
13
Suppose 4*b - 9*b + 10 = 0. Let c(h) = h + 1. Determine c(b).
3
Let j(d) = 3*d. Let r be j(1). Let h(k) = -k + r*k**2 + 2*k**3 - 1 - k**3 - 4*k**2. Calculate h(0).
-1
Let y(t) = -t**3 - 3*t**2 - 4*t - 3. Let z be y(-2). Let o(n) be the second derivative of 1/6*n**3 + 0 + n - 1/4*n**4 - 1/2*n**2. What is o(z)?
-3
Let o(k) = k**3 + 2*k**2 - 5*k - 3. Let v be o(-3). Let s(p) = -p**3 + 3*p**2 + 8*p - 4*p**2 - v*p**2 + 7. Let m = -16 + 11. Calculate s(m).
-8
Let v = 11 - 5. Let r = 3 - v. Let u(c) = 5*c - 5. Let t(f) = -f + 1. Let n(w) = 9*t(w) + 2*u(w). Give n(r).
-4
Suppose -30*g - 4 = -28*g. Let o(f) = f**3 + 2*f**2 - 4*f - 3. Determine o(g).
5
Let o(c) be the second derivative of -c**5/20 - c**4/2 - c**3/3 + 7*c**2/2 - 2*c. Suppose 0 = -4*h + 4 + 8, -3*h + 24 = -3*k. What is o(k)?
-8
Let s(o) = o**3 + o + 10. Suppose -1 = -5*a - 2*r + 3, 0 = 3*a + 5*r - 10. Determine s(a).
10
Let p(h) = -h**2 + 6*h. Let x be p(6). Let c = -35 + 34. Let m = x - c. Let k(d) = d - 2. What is k(m)?
-1
Let t(o) = -2*o - 4. Let q be t(-3). Let h(b) = b. Give h(q).
2
Let w(p) = -6*p - 1. Let c = 3 + 0. Suppose -5*n + c*n = 2. Calculate w(n).
5
Let t(j) = 0*j + 0*j - 4*j + 6 + 3*j. What is t(-6)?
12
Let v(b) = -2*b - b + 1 + 4*b. What is v(6)?
7
Let q(b) = b**3 - 7*b**2 - 9*b - 1. Let r = -26 - -34. Determine q(r).
-9
Let y(x) = -x**2 - 11*x - 11. Suppose 32 - 87 = 5*f. Determine y(f).
-11
Let z(t) = -t**2 - 3*t - 3. Suppose 10 = -l + 2*l + 4*p, 3*l - 6 = -4*p. Calculate z(l).
-1
Let b(i) = 2*i - 6*i**2 + 0 + 5 - 5*i**3 + 4*i**3 + 2*i**2. Suppose -3*w + 28 = v, 3*v = -w - 0*w + 68. Suppose 5*n = d - v - 3, -19 = n - 3*d. Give b(n).
-3
Let g(c) = 5*c + c - c - 9 + 10. Let i(y) = y + 1. Let k be i(0). Determine g(k).
6
Let x(j) = -2*j - 1. Let g(z) = -z. Let n(l) = 3*g(l) - x(l). Give n(-2).
3
Let i = 102 + -107. Let u(y) = -y**3 - 6*y**2 - 7*y - 7. Give u(i).
3
Let n(j) be the third derivative of j**2 + 5/24*j**4 + 0 + 0*j + 1/60*j**5 + 1/2*j**3. Suppose -g - 13 = 2*a, 8*g - 3*g + 10 = a. What is n(a)?
3
Suppose -w - q = -3, 3*q - 4*q - 9 = -5*w. Let m(l) = -3*l**3 + 4*l**2 - l - 2. Calculate m(w).
-12
Let m = 299 - 294. Let y(l) be the second derivative of l**4/12 - l**3 - 3*l**2/2 - l. Give y(m).
-8
Let w = 2/65 - -451/130. Let b(y) be the first derivative of 6*y - w*y**2 + 1/4*y**4 - 2/3*y**3 - 2. Calculate b(4).
10
Let r(z) = 2 - z**2 + 2 + 2 + 5*z. Let x(t) be the third derivative of -t**6/20 - t**5/30 - t**4/24 + 2*t**2. Let n be x(-1). Give r(n).
6
Let m(p) be the first derivative of -p**4/4 - p**3 + 2*p - 111. Let k(x) = 3*x. Let j be k(-1). Let l = j - 0. Determine m(l).
2
Let n(f) = f. Let l be n(-4). Suppose o = -3*u + 2, o - 2*u = -6*u + 5. Let q = l - o. Let k(c) = c**3 - 3*c**2 - 2. Calculate k(q).
-2
Let t(a) be the second derivative of a**5/20 + a**4/12 - a**3/6 - 6*a**2 + 2*a. Determine t(0).
-12
Let f(q) = -q. Let z = -5 + 9. Suppose 2*b - 4 = 0, z*c - 3*b = -6 - 16. What is f(c)?
4
Suppose 0 = -6*u - 3*u - 54. Let b(h) = -6*h**2 - h**3 + 3*h + 3 + 6 + 0*h. Calculate b(u).
-9
Let b(x) be the first derivative of -x**2 + 12. Suppose 3*k = -t - 1, -3*k + 1 + 6 = -t. Calculate b(t).
8
Suppose -5*s = -3*z + 22, 2*z + 2*s + 2*s = 0. Let w(t) = -t**2 + 4*t - 1. Give w(z).
-1
Let s(n) = 3*n**3 + 2*n**2. Suppose -z = 6*z + 14. Calculate s(z).
-16
Let n(h) = -h**2 + 3*h + 4. Let i(b) = -1. Let g(o) = -6*i(o) - n(o). Give g(4).
6
Let g(u) = u**3 - u**2 + u. Let x(m) = 4*m**3 + 2*m**2 + 4*m - 2. Let t(q) = -2*g(q) + x(q). Let v be 3/3*(-2 - 3). Let h = 3 + v. Determine t(h).
-6
Let v be -2 - (4 + -3)*-1. Let q(l) = 18*l**3 - 2*l - 1. Calculate q(v).
-17
Suppose 3*r + 6 + 9 = 0. Let v(j) = 8*j**2 - 5. Let n(l) = 8*l**2 - 6. Let k(a) = r*v(a) + 4*n(a). What is k(-1)?
-7
Let n(o) = 3*o - 17. Let q(i) be the second derivative of -i**3/6 + 3*i**2 + 2*i. Let b(w) = -3*n(w) - 8*q(w). What is b(3)?
0
Let i(u) be the third derivative of -u**6/120 + u**5/60 - u**4/8 + u**3/2 - 27*u**2. What is i(2)?
-7
Suppose -2*c - 3 = 5. Let y(t) = -t**2 - 5*t - 6. Determine y(c).
-2
Let o be ((-1)/2)/(1/(-2)). Let l be (-12)/(-60) + 18/10. Let a(s) = s + l*s - 3*s - 2*s. What is a(o)?
-2
Suppose -7*t = -3*t - 16. Let b(v) = -v + 3. Calculate b(t).
-1
Let r(u) = u + 9. Let k be r(-9). Let i(d) = -16*d**2 + 5*d**2 + 0 + d - 2 + 12*d**2. Determine i(k).
-2
Let b(z) = 7*z - 2 - 3 + 4. Suppose -o + 4 - 5 = 0. Determine b(o).
-8
Suppose 0 = 3*q - 8 - 1. Suppose q*o - o - 2 = 0. Let m = o - 4. Let u(p) = -p + 2. What is u(m)?
5
Let x(h) = 2*h**2 + 12*h + 3. Let j be x(-6). Let f(p) be the third derivative of 1/2*p**j - 1/24*p**4 + 0 + 0*p - 2*p**2. What is f(4)?
-1
Let b = -5 + 11. Let x(u) = -7*u**3 - u**2 - 8. Let r(i) = 8*i**3 + 2*i**2 + i + 9. Let y(s) = -6*r(s) - 7*x(s). What is y(b)?
2
Let q(m) = -m - 1. Let h(l) = l**2 + 4*l + 8. Let r be h(-4). Determine q(r).
-9
Let k(z) = z**2 + 6*z - 3. Suppose 26 = m + 33. Calculate k(m).
4
Let d(l) = l**3 - 2*l**2 + 4*l - 2. Suppose p - 12 = -5*q, -5*p = -3*q + q - 6. Determine d(p).
6
Suppose 2 = 4*a - 3*a. Let z(d) = 6*d**2 + d - 5. Let s(o) = 17*o**2 + 2*o - 14. Let u(x) = -3*s(x) + 8*z(x). What is u(a)?
-6
Let x(h) = -h + 6. Let f be x(-6). Suppose 5*b = b + f. Let w be b*2/(-4)*2. Let q(t) = -t**3 - 5*t**2 - 4*t - 1. Determine q(w).
-7
Let g(t) = -t**2 + 6*t + 4. Suppose 3*p - 4 = 2*p. Let r be p/10*(-15)/(-1). Calculate g(r).
4
Let k(a) be the first derivative of -a**6/360 + a**5/30 - a**4/12 + a**3/3 + 1. Let f(o) be the third derivative of k(o). Let q = -3 + 6. Give f(q).
1
Let f(i) be the second derivative of i**4/4 - i**3/3 - i**2 - 2*i. Calculate f(2).
6
Let w be (-5)/25*40/(-4). Let s(z) = 3*z**2 - 3*z + 2. What is s(w)?
8
Let f(r) = r**2 + 2*r. Suppose -3*b = t - 14, 2*b + 2 = 5*t - 0. Give f(t).
8
Let c(o) = o**3 - 3*o**2 - 3*o + 4. Let d be c(3). Let n = d + 1. Let f(r) = r**2 + 6*r + 3. What is f(n)?
-5
Suppose 4*s - 42 = -6. Let w(z) = -5*z - 3. Let t(c) = -11*c - 6. Let x(b) = s*w(b) - 4*t(b). Determine x(0).
-3
Let u be (3 - (4 + -1))/(-2). Let f be (-1 + u + -2)/(-3). Let t(k) = 7*k**3 + k**2. Calculate t(f).
8
Let m(j) be the third derivative of -j**8/20160 - j**7/1008 + j**6/360 - j**5/60 + 5*j**2. Let n(v) be the third derivative of m(v). Determine n(-5).
2
Let a(l) be the third derivative of 2*l**5/15 - l**4/12 + l**3/6 - 24*l**2. Give a(1).
7
Let p(w) = -3*w + 3. Let d(s) = 2*s - 2. Let b(j) = -5*d(j) - 3*p(j). Let u be b(2). Let v(h) be the third derivative of -h**4/8 + 10*h**2. What is v(u)?
3
Let z(j) be the third derivative of -j**8/6720 - j**7/2520 + j**6/720 + j**5/120 - j**4/24 + 4*j**2. Let c(g) be the second derivative of z(g). Give c(-2).
3
Let m(c) = c + 2. Let d(j) = -2*j - 1. Let x(s) = 3*d(s) + 2*m(s). Let k(f) = -f - 5. Let l be k(-7). Calculate x(l).
-7
Let j(a) = a. Let c(k) = -k**3 + 5*k**2 + 5*k + 11. Let z be c(6). What is j(z)?
5
Let i(k) = k**2 + 2*k + 1. Suppose 0 = -5*s + 18 + 2. Suppose -5*q - 7 = 2*d, d - s*q - 9 = 6*d. Give i(d).
0
Let n(r) be the first derivative of 0*r - 5/2*r**2 - 5. Calculate n(-2).
10
Let c(w) = w**3 + 4*w**2 - 4*w - 3. Let g(o) = -o**3 - 7*o**2 + 8*o + 1. Let s be g(-8). Suppose -s = 5*p + 24. Calculate c(p).
-8
Let s(v) = -3*v**2 + 17*v + 7. Let d(y) = 2*y**2 - 9*y - 4. Let j(o) = -5*d(o) - 3*s(o). Suppose -4*f - 28 = 4*w, 4*w = 6*f - 11*f - 32. Determine j(f).
7
Let k = 11 + -12. Let i(v) be the second derivative of -1/2*v**2 + 5/6*v**3 + 0 - v. What is i(k)?
-6
Let d(z) = z**3 - 3*z**2 - 2*z + 2. Suppose 0*w - 6 = -2*w. Let y be d(w). Let g(f) = 0*f**2 + f